{"id":1167,"date":"2024-03-17T11:54:53","date_gmt":"2024-03-17T10:54:53","guid":{"rendered":"https:\/\/hypnosemelanie.fr\/?page_id=1167"},"modified":"2025-05-17T15:38:06","modified_gmt":"2025-05-17T13:38:06","slug":"les-seances-avec-les-enfants","status":"publish","type":"page","link":"https:\/\/www.hypnosemelanie.fr\/index.php\/les-seances-avec-les-enfants\/","title":{"rendered":"Les s\u00e9ances avec les enfants"},"content":{"rendered":"\n<p>Mes s\u00e9ances sont bas\u00e9es sur les \u00e9motions des enfants telles que la peur, la tristesse, la joie et la col\u00e8re. Je m\u2019appuie sur des histoires adapt\u00e9es \u00e0 l\u2019\u00e2ge de l\u2019enfant, \u00e0 sa maturit\u00e9 psychologique et au probl\u00e8me \u00e0 traiter, ce qui am\u00e8ne \u00e0 un protocole de soins \u00e9tabli lors notre 1er rendez-vous d\u2019anamn\u00e8se.<\/p>\n\n\n\n<p>Ce premier entretien permet un premier contact avec votre enfant ainsi qu\u2019avec vous les parents, afin de pouvoir expliquer \u00e0 chacun d\u2019entre vous le d\u00e9roulement de la s\u00e9ance et r\u00e9pondre \u00e0 vos questions. L\u2019anamn\u00e8se me permet de r\u00e9colter diff\u00e9rentes informations telles que le d\u00e9roulement de la grossesse, l\u2019accouchement, s\u00e9paration parents\/enfants \u00e0 la naissance, chocs ou d\u00e9c\u00e8s ainsi que les \u00e9l\u00e9ments qui vous paraissent importants \u00e0 me signaler pour la prise en charge de votre enfant. Et pour finir s\u2019il y a un suivi m\u00e9decin traitant, pmi ou p\u00e9diatre, car ce que je propose \u00e0 votre enfant est compl\u00e9mentaire d\u2019un suivi m\u00e9dical et donc ne se substitue pas aux soins m\u00e9dicaux.<\/p>\n\n\n\n<p>Je suis soignante, mais je ne suis ni m\u00e9decin, ni psychologue. A ce titre, je connais mes limites. Je peux tout \u00e0 fait \u00e0 la fin d\u2019une anamn\u00e8se d\u00e9cider de ne pas poursuivre l\u2019accompagnement car la demande est au-dessus de mes capacit\u00e9s. Toutefois, gr\u00e2ce au r\u00e9seau d\u00e9velopp\u00e9 en inter-hospitalier et par les partenaires au sein de la maison de soins, je pourrai vous guider vers d\u2019autres professionnels de sant\u00e9.<\/p>\n\n\n\n<p>A noter que certaines pathologies incompatibles avec l\u2019hypnose ne peuvent pas \u00eatre trait\u00e9es&nbsp;: <a href=\"https:\/\/www.hypnosemelanie.fr\/index.php\/pour-quoi\/\">voir les th\u00e8mes abord\u00e9s<\/a><\/p>\n\n\n\n<p>J\u2019ai pris dans l\u2019hypnose et la sophrologie, les outils qui me correspondaient. Ainsi, \u00ab&nbsp;je ne touche pas le corps et je ne parle pas aux esprits&nbsp;\u00bb.<\/p>\n\n\n\n<h2 class=\"wp-block-heading\">L'organisation des s\u00e9ances<\/h2>\n\n\n\n<p>Je ne travaille qu\u2019\u00e0 base de visualisations, tout est protocolis\u00e9 et individualis\u00e9 pour chaque enfant d\u2019o\u00f9 l\u2019importance de l\u2019anamn\u00e8se. Suite \u00e0 cette anamn\u00e8se, lors d\u2019un rendez-vous ult\u00e9rieur, je proc\u00e9derai \u00e0 la 1\u00e8re s\u00e9ance puis une seconde aura lieu \u00e0 3-5 semaines d\u2019intervalles.<\/p>\n\n\n\n<p>Par la suite, il peut y avoir une 3\u00e8me voir une 4\u00e8me s\u00e9ance mais nous nous laissons le temps de voir comment les \u00e9motions ont boug\u00e9 au bout des 2 s\u00e9ances.<\/p>\n\n\n\n<p>A 3 semaines de la 1\u00e8re s\u00e9ance avec votre enfant, je vous programme un message automatique pour savoir qu\u2019est ce qui a boug\u00e9, positif et n\u00e9gatif afin de pouvoir adapter sur notre 2\u00e9me s\u00e9ance, le protocole au plus pr\u00e8s des ressentis de votre enfant.<\/p>\n\n\n\n<p>Une s\u00e9ance est d\u00e9coup\u00e9e de telle fa\u00e7on :<\/p>\n\n\n\n<ul class=\"wp-block-list\">\n<li>Une mise en transe et \/ ou relaxation profonde avec une sophronisation.<\/li>\n\n\n\n<li>4 ou 5 histoires m\u00e9taphoriques.<\/li>\n\n\n\n<li>Une sortie de transe.<\/li>\n<\/ul>\n\n\n<div class=\"wp-block-image\">\n<figure class=\"alignleft size-full is-resized\"><img loading=\"lazy\" decoding=\"async\" width=\"1024\" height=\"1024\" src=\"http:\/\/devmachine\/wp-content\/uploads\/2024\/03\/f201e019-c045-4483-9754-2415e79a3af9.jpg\" alt=\"\" class=\"wp-image-1215\" style=\"width:266px;height:auto\" srcset=\"https:\/\/www.hypnosemelanie.fr\/wp-content\/uploads\/2024\/03\/f201e019-c045-4483-9754-2415e79a3af9.jpg 1024w, https:\/\/www.hypnosemelanie.fr\/wp-content\/uploads\/2024\/03\/f201e019-c045-4483-9754-2415e79a3af9-300x300.jpg 300w, https:\/\/www.hypnosemelanie.fr\/wp-content\/uploads\/2024\/03\/f201e019-c045-4483-9754-2415e79a3af9-150x150.jpg 150w, https:\/\/www.hypnosemelanie.fr\/wp-content\/uploads\/2024\/03\/f201e019-c045-4483-9754-2415e79a3af9-768x768.jpg 768w, https:\/\/www.hypnosemelanie.fr\/wp-content\/uploads\/2024\/03\/f201e019-c045-4483-9754-2415e79a3af9-600x600.jpg 600w\" sizes=\"auto, (max-width: 1024px) 100vw, 1024px\" \/><\/figure>\n<\/div>\n\n\n<p>Pour finaliser ce sujet passionnant que sont les enfants, je vais vous sch\u00e9matiser le travail que je vais effectuer avec eux.<\/p>\n\n\n\n<ul class=\"wp-block-list\">\n<li>Imaginez-vous, parents, que votre t\u00e8te soit un ch\u00e2teau- fort.<\/li>\n\n\n\n<li>A l\u2019entr\u00e9e de ce ch\u00e2teau-fort, il y a un soldat qui repr\u00e9sente votre conscient.<\/li>\n\n\n\n<li>En haut de ce ch\u00e2teau-fort, il y a le roi qui repr\u00e9sente votre inconscient.<\/li>\n<\/ul>\n\n\n\n<p>L\u2019id\u00e9e en hypnose gr\u00e2ce \u00e0 ce moment o\u00f9 l\u2019on est en \u00ab \u00e9tat de conscience modifi\u00e9e \u00bb est d\u2019\u00e9vincer le soldat pour parler directement au roi et donc de traiter en profondeur la probl\u00e9matique avec le roi.<\/p>\n\n\n\n<p>Cette image est enfantine mais repr\u00e9sentative du travail que je ferai avec votre enfant.<\/p>\n\n\n\n<p>Il viendra avec ses \u00e9motions perturb\u00e9es (le soldat, le conscient) et mon accompagnement sera de l\u2019amener \u00e0 traiter l\u2019origine du probl\u00e8me (le roi, l\u2019inconscient) \u00e0 l\u2019aide des outils propos\u00e9s.<\/p>\n\n\n\n<p>L'accompagnement des enfants en fonction de leur \u00e2ge: <a href=\"https:\/\/www.hypnosemelanie.fr\/index.php\/les-enfants-de-0-a-18-ans\/\">les enfants de 0 \u00e0 18 ans<\/a><\/p>\n","protected":false},"excerpt":{"rendered":"<p>Mes s\u00e9ances sont bas\u00e9es sur les \u00e9motions des enfants telles que la peur, la tristesse, la joie et la col\u00e8re. Je m\u2019appuie sur des histoires adapt\u00e9es \u00e0 l\u2019\u00e2ge de l\u2019enfant, \u00e0 sa maturit\u00e9 psychologique et au probl\u00e8me \u00e0 traiter, ce qui am\u00e8ne \u00e0 un protocole de soins \u00e9tabli lors notre 1er rendez-vous d\u2019anamn\u00e8se. Ce premier [&hellip;]<\/p>\n","protected":false},"author":1,"featured_media":0,"parent":0,"menu_order":0,"comment_status":"closed","ping_status":"closed","template":"","meta":{"ocean_post_layout":"","ocean_both_sidebars_style":"","ocean_both_sidebars_content_width":0,"ocean_both_sidebars_sidebars_width":0,"ocean_sidebar":"","ocean_second_sidebar":"","ocean_disable_margins":"enable","ocean_add_body_class":"","ocean_shortcode_before_top_bar":"","ocean_shortcode_after_top_bar":"","ocean_shortcode_before_header":"","ocean_shortcode_after_header":"","ocean_has_shortcode":"","ocean_shortcode_after_title":"","ocean_shortcode_before_footer_widgets":"","ocean_shortcode_after_footer_widgets":"","ocean_shortcode_before_footer_bottom":"","ocean_shortcode_after_footer_bottom":"","ocean_display_top_bar":"default","ocean_display_header":"default","ocean_header_style":"","ocean_center_header_left_menu":"","ocean_custom_header_template":"","ocean_custom_logo":0,"ocean_custom_retina_logo":0,"ocean_custom_logo_max_width":0,"ocean_custom_logo_tablet_max_width":0,"ocean_custom_logo_mobile_max_width":0,"ocean_custom_logo_max_height":0,"ocean_custom_logo_tablet_max_height":0,"ocean_custom_logo_mobile_max_height":0,"ocean_header_custom_menu":"","ocean_menu_typo_font_family":"","ocean_menu_typo_font_subset":"","ocean_menu_typo_font_size":0,"ocean_menu_typo_font_size_tablet":0,"ocean_menu_typo_font_size_mobile":0,"ocean_menu_typo_font_size_unit":"px","ocean_menu_typo_font_weight":"","ocean_menu_typo_font_weight_tablet":"","ocean_menu_typo_font_weight_mobile":"","ocean_menu_typo_transform":"","ocean_menu_typo_transform_tablet":"","ocean_menu_typo_transform_mobile":"","ocean_menu_typo_line_height":0,"ocean_menu_typo_line_height_tablet":0,"ocean_menu_typo_line_height_mobile":0,"ocean_menu_typo_line_height_unit":"","ocean_menu_typo_spacing":0,"ocean_menu_typo_spacing_tablet":0,"ocean_menu_typo_spacing_mobile":0,"ocean_menu_typo_spacing_unit":"","ocean_menu_link_color":"","ocean_menu_link_color_hover":"","ocean_menu_link_color_active":"","ocean_menu_link_background":"","ocean_menu_link_hover_background":"","ocean_menu_link_active_background":"","ocean_menu_social_links_bg":"","ocean_menu_social_hover_links_bg":"","ocean_menu_social_links_color":"","ocean_menu_social_hover_links_color":"","ocean_disable_title":"default","ocean_disable_heading":"default","ocean_post_title":"","ocean_post_subheading":"","ocean_post_title_style":"","ocean_post_title_background_color":"","ocean_post_title_background":0,"ocean_post_title_bg_image_position":"","ocean_post_title_bg_image_attachment":"","ocean_post_title_bg_image_repeat":"","ocean_post_title_bg_image_size":"","ocean_post_title_height":0,"ocean_post_title_bg_overlay":0.5,"ocean_post_title_bg_overlay_color":"","ocean_disable_breadcrumbs":"default","ocean_breadcrumbs_color":"","ocean_breadcrumbs_separator_color":"","ocean_breadcrumbs_links_color":"","ocean_breadcrumbs_links_hover_color":"","ocean_display_footer_widgets":"default","ocean_display_footer_bottom":"default","ocean_custom_footer_template":"","_glsr_average":0,"_glsr_ranking":0,"_glsr_reviews":0,"footnotes":""},"class_list":["post-1167","page","type-page","status-publish","hentry","entry"],"yoast_head":"<!-- This site is optimized with the Yoast SEO plugin v27.6 - https:\/\/yoast.com\/product\/yoast-seo-wordpress\/ -->\n<title>Les s\u00e9ances avec les enfants - Hypnose et Sophrologie<\/title>\n<meta name=\"robots\" content=\"index, follow, max-snippet:-1, max-image-preview:large, max-video-preview:-1\" \/>\n<link rel=\"canonical\" href=\"https:\/\/www.hypnosemelanie.fr\/index.php\/les-seances-avec-les-enfants\/\" \/>\n<meta property=\"og:locale\" content=\"fr_FR\" \/>\n<meta property=\"og:type\" content=\"article\" \/>\n<meta property=\"og:title\" content=\"Les s\u00e9ances avec les enfants - Hypnose et Sophrologie\" \/>\n<meta property=\"og:description\" content=\"Mes s\u00e9ances sont bas\u00e9es sur les \u00e9motions des enfants telles que la peur, la tristesse, la joie et la col\u00e8re. Je m\u2019appuie sur des histoires adapt\u00e9es \u00e0 l\u2019\u00e2ge de l\u2019enfant, \u00e0 sa maturit\u00e9 psychologique et au probl\u00e8me \u00e0 traiter, ce qui am\u00e8ne \u00e0 un protocole de soins \u00e9tabli lors notre 1er rendez-vous d\u2019anamn\u00e8se. Ce premier [&hellip;]\" \/>\n<meta property=\"og:url\" content=\"https:\/\/www.hypnosemelanie.fr\/index.php\/les-seances-avec-les-enfants\/\" \/>\n<meta property=\"og:site_name\" content=\"Hypnose et Sophrologie\" \/>\n<meta property=\"article:modified_time\" content=\"2025-05-17T13:38:06+00:00\" \/>\n<meta property=\"og:image\" content=\"https:\/\/www.hypnosemelanie.fr\/wp-content\/uploads\/2024\/03\/f201e019-c045-4483-9754-2415e79a3af9.jpg\" \/>\n\t<meta property=\"og:image:width\" content=\"1024\" \/>\n\t<meta property=\"og:image:height\" content=\"1024\" \/>\n\t<meta property=\"og:image:type\" content=\"image\/jpeg\" \/>\n<meta name=\"twitter:card\" content=\"summary_large_image\" \/>\n<meta name=\"twitter:label1\" content=\"Dur\u00e9e de lecture estim\u00e9e\" \/>\n\t<meta name=\"twitter:data1\" content=\"4 minutes\" \/>\n<script type=\"application\/ld+json\" class=\"yoast-schema-graph\">{\"@context\":\"https:\\\/\\\/schema.org\",\"@graph\":[{\"@type\":\"WebPage\",\"@id\":\"https:\\\/\\\/www.hypnosemelanie.fr\\\/index.php\\\/les-seances-avec-les-enfants\\\/\",\"url\":\"https:\\\/\\\/www.hypnosemelanie.fr\\\/index.php\\\/les-seances-avec-les-enfants\\\/\",\"name\":\"Les s\u00e9ances avec les enfants - Hypnose et Sophrologie\",\"isPartOf\":{\"@id\":\"https:\\\/\\\/www.hypnosemelanie.fr\\\/#website\"},\"primaryImageOfPage\":{\"@id\":\"https:\\\/\\\/www.hypnosemelanie.fr\\\/index.php\\\/les-seances-avec-les-enfants\\\/#primaryimage\"},\"image\":{\"@id\":\"https:\\\/\\\/www.hypnosemelanie.fr\\\/index.php\\\/les-seances-avec-les-enfants\\\/#primaryimage\"},\"thumbnailUrl\":\"http:\\\/\\\/devmachine\\\/wp-content\\\/uploads\\\/2024\\\/03\\\/f201e019-c045-4483-9754-2415e79a3af9.jpg\",\"datePublished\":\"2024-03-17T10:54:53+00:00\",\"dateModified\":\"2025-05-17T13:38:06+00:00\",\"breadcrumb\":{\"@id\":\"https:\\\/\\\/www.hypnosemelanie.fr\\\/index.php\\\/les-seances-avec-les-enfants\\\/#breadcrumb\"},\"inLanguage\":\"fr-FR\",\"potentialAction\":[{\"@type\":\"ReadAction\",\"target\":[\"https:\\\/\\\/www.hypnosemelanie.fr\\\/index.php\\\/les-seances-avec-les-enfants\\\/\"]}]},{\"@type\":\"ImageObject\",\"inLanguage\":\"fr-FR\",\"@id\":\"https:\\\/\\\/www.hypnosemelanie.fr\\\/index.php\\\/les-seances-avec-les-enfants\\\/#primaryimage\",\"url\":\"http:\\\/\\\/devmachine\\\/wp-content\\\/uploads\\\/2024\\\/03\\\/f201e019-c045-4483-9754-2415e79a3af9.jpg\",\"contentUrl\":\"http:\\\/\\\/devmachine\\\/wp-content\\\/uploads\\\/2024\\\/03\\\/f201e019-c045-4483-9754-2415e79a3af9.jpg\"},{\"@type\":\"BreadcrumbList\",\"@id\":\"https:\\\/\\\/www.hypnosemelanie.fr\\\/index.php\\\/les-seances-avec-les-enfants\\\/#breadcrumb\",\"itemListElement\":[{\"@type\":\"ListItem\",\"position\":1,\"name\":\"Accueil\",\"item\":\"https:\\\/\\\/www.hypnosemelanie.fr\\\/\"},{\"@type\":\"ListItem\",\"position\":2,\"name\":\"Les s\u00e9ances avec les enfants\"}]},{\"@type\":\"WebSite\",\"@id\":\"https:\\\/\\\/www.hypnosemelanie.fr\\\/#website\",\"url\":\"https:\\\/\\\/www.hypnosemelanie.fr\\\/\",\"name\":\"Hypnose et Sophrologie\",\"description\":\"\",\"potentialAction\":[{\"@type\":\"SearchAction\",\"target\":{\"@type\":\"EntryPoint\",\"urlTemplate\":\"https:\\\/\\\/www.hypnosemelanie.fr\\\/?s={search_term_string}\"},\"query-input\":{\"@type\":\"PropertyValueSpecification\",\"valueRequired\":true,\"valueName\":\"search_term_string\"}}],\"inLanguage\":\"fr-FR\"}]}<\/script>\n<!-- \/ Yoast SEO plugin. -->","yoast_head_json":{"title":"Les s\u00e9ances avec les enfants - Hypnose et Sophrologie","robots":{"index":"index","follow":"follow","max-snippet":"max-snippet:-1","max-image-preview":"max-image-preview:large","max-video-preview":"max-video-preview:-1"},"canonical":"https:\/\/www.hypnosemelanie.fr\/index.php\/les-seances-avec-les-enfants\/","og_locale":"fr_FR","og_type":"article","og_title":"Les s\u00e9ances avec les enfants - Hypnose et Sophrologie","og_description":"Mes s\u00e9ances sont bas\u00e9es sur les \u00e9motions des enfants telles que la peur, la tristesse, la joie et la col\u00e8re. Je m\u2019appuie sur des histoires adapt\u00e9es \u00e0 l\u2019\u00e2ge de l\u2019enfant, \u00e0 sa maturit\u00e9 psychologique et au probl\u00e8me \u00e0 traiter, ce qui am\u00e8ne \u00e0 un protocole de soins \u00e9tabli lors notre 1er rendez-vous d\u2019anamn\u00e8se. Ce premier [&hellip;]","og_url":"https:\/\/www.hypnosemelanie.fr\/index.php\/les-seances-avec-les-enfants\/","og_site_name":"Hypnose et Sophrologie","article_modified_time":"2025-05-17T13:38:06+00:00","og_image":[{"width":1024,"height":1024,"url":"https:\/\/www.hypnosemelanie.fr\/wp-content\/uploads\/2024\/03\/f201e019-c045-4483-9754-2415e79a3af9.jpg","type":"image\/jpeg"}],"twitter_card":"summary_large_image","twitter_misc":{"Dur\u00e9e de lecture estim\u00e9e":"4 minutes"},"schema":{"@context":"https:\/\/schema.org","@graph":[{"@type":"WebPage","@id":"https:\/\/www.hypnosemelanie.fr\/index.php\/les-seances-avec-les-enfants\/","url":"https:\/\/www.hypnosemelanie.fr\/index.php\/les-seances-avec-les-enfants\/","name":"Les s\u00e9ances avec les enfants - Hypnose et Sophrologie","isPartOf":{"@id":"https:\/\/www.hypnosemelanie.fr\/#website"},"primaryImageOfPage":{"@id":"https:\/\/www.hypnosemelanie.fr\/index.php\/les-seances-avec-les-enfants\/#primaryimage"},"image":{"@id":"https:\/\/www.hypnosemelanie.fr\/index.php\/les-seances-avec-les-enfants\/#primaryimage"},"thumbnailUrl":"http:\/\/devmachine\/wp-content\/uploads\/2024\/03\/f201e019-c045-4483-9754-2415e79a3af9.jpg","datePublished":"2024-03-17T10:54:53+00:00","dateModified":"2025-05-17T13:38:06+00:00","breadcrumb":{"@id":"https:\/\/www.hypnosemelanie.fr\/index.php\/les-seances-avec-les-enfants\/#breadcrumb"},"inLanguage":"fr-FR","potentialAction":[{"@type":"ReadAction","target":["https:\/\/www.hypnosemelanie.fr\/index.php\/les-seances-avec-les-enfants\/"]}]},{"@type":"ImageObject","inLanguage":"fr-FR","@id":"https:\/\/www.hypnosemelanie.fr\/index.php\/les-seances-avec-les-enfants\/#primaryimage","url":"http:\/\/devmachine\/wp-content\/uploads\/2024\/03\/f201e019-c045-4483-9754-2415e79a3af9.jpg","contentUrl":"http:\/\/devmachine\/wp-content\/uploads\/2024\/03\/f201e019-c045-4483-9754-2415e79a3af9.jpg"},{"@type":"BreadcrumbList","@id":"https:\/\/www.hypnosemelanie.fr\/index.php\/les-seances-avec-les-enfants\/#breadcrumb","itemListElement":[{"@type":"ListItem","position":1,"name":"Accueil","item":"https:\/\/www.hypnosemelanie.fr\/"},{"@type":"ListItem","position":2,"name":"Les s\u00e9ances avec les enfants"}]},{"@type":"WebSite","@id":"https:\/\/www.hypnosemelanie.fr\/#website","url":"https:\/\/www.hypnosemelanie.fr\/","name":"Hypnose et Sophrologie","description":"","potentialAction":[{"@type":"SearchAction","target":{"@type":"EntryPoint","urlTemplate":"https:\/\/www.hypnosemelanie.fr\/?s={search_term_string}"},"query-input":{"@type":"PropertyValueSpecification","valueRequired":true,"valueName":"search_term_string"}}],"inLanguage":"fr-FR"}]}},"_links":{"self":[{"href":"https:\/\/www.hypnosemelanie.fr\/index.php\/wp-json\/wp\/v2\/pages\/1167","targetHints":{"allow":["GET"]}}],"collection":[{"href":"https:\/\/www.hypnosemelanie.fr\/index.php\/wp-json\/wp\/v2\/pages"}],"about":[{"href":"https:\/\/www.hypnosemelanie.fr\/index.php\/wp-json\/wp\/v2\/types\/page"}],"author":[{"embeddable":true,"href":"https:\/\/www.hypnosemelanie.fr\/index.php\/wp-json\/wp\/v2\/users\/1"}],"replies":[{"embeddable":true,"href":"https:\/\/www.hypnosemelanie.fr\/index.php\/wp-json\/wp\/v2\/comments?post=1167"}],"version-history":[{"count":7,"href":"https:\/\/www.hypnosemelanie.fr\/index.php\/wp-json\/wp\/v2\/pages\/1167\/revisions"}],"predecessor-version":[{"id":1471,"href":"https:\/\/www.hypnosemelanie.fr\/index.php\/wp-json\/wp\/v2\/pages\/1167\/revisions\/1471"}],"wp:attachment":[{"href":"https:\/\/www.hypnosemelanie.fr\/index.php\/wp-json\/wp\/v2\/media?parent=1167"}],"curies":[{"name":"wp","href":"https:\/\/api.w.org\/{rel}","templated":true}]}}