{"id":1054,"date":"2024-01-06T13:49:52","date_gmt":"2024-01-06T12:49:52","guid":{"rendered":"https:\/\/hypnosemelanie.fr\/?page_id=1054"},"modified":"2024-05-18T21:13:58","modified_gmt":"2024-05-18T19:13:58","slug":"vos-retours","status":"publish","type":"page","link":"https:\/\/www.hypnosemelanie.fr\/index.php\/vos-retours\/","title":{"rendered":"Vos retours"},"content":{"rendered":"\n<h2 class=\"wp-block-heading has-text-align-center\">Vos avis<\/h2>\n\n\n<div class=\"shortcode-site-reviews\"><div class=\"glsr glsr-default\" id=\"glsr_xiwlopbq\" data-from=\"shortcode\" data-shortcode=\"site_reviews\" data-pagination=\"loadmore\"><div class=\"glsr-reviews-wrap\">\n    <div class=\"glsr-reviews\">\n        <div class=\"glsr-review\" data-id=\"1490\" data-type=\"local\" id=\"review-1490\" data-assigned='{\"assigned_posts\":[1054]}'>\n    <div class=\"glsr-review-title\"><h4 class=\"glsr-tag-value\">Aucun titre<\/h4><\/div>\n    <div class=\"glsr-review-rating\"><div class=\"glsr-star-rating glsr-stars\" role=\"img\" aria-label=\"Rated 0 out of 5 stars\" data-rating=\"0\" data-reviews=\"0\"><span class=\"glsr-star glsr-star-empty\" aria-hidden=\"true\"><\/span><span class=\"glsr-star glsr-star-empty\" aria-hidden=\"true\"><\/span><span class=\"glsr-star glsr-star-empty\" aria-hidden=\"true\"><\/span><span class=\"glsr-star glsr-star-empty\" aria-hidden=\"true\"><\/span><span class=\"glsr-star glsr-star-empty\" aria-hidden=\"true\"><\/span><\/div><\/div> <div class=\"glsr-review-date\"><span class=\"glsr-tag-value\">12 d\u00e9cembre 2025<\/span><\/div>\n    \n    <div class=\"glsr-review-content\"><div class=\"glsr-tag-value\" data-expanded=\"false\"><p>Un immense merci \u00e0 M\u00e9lanie pour son travail remarquable.<\/p>\n<p>Nous venons de la Rochelle, M\u00e9lanie a aid\u00e9 notre fille de 3 ans qui rencontrait beaucoup de col\u00e8re en elle avec un temp\u00e9rament explosif.<\/p>\n<p class=\"glsr-hidden-text\" data-show-less=\"Afficher moins\" data-show-more=\"Afficher plus\" data-trigger=\"expand\">Gr\u00e2ce \u00e0 votre aide et votre bienveillance, en l&#8217;espace de 2 s\u00e9ances seulement, notre fille a retrouv\u00e9 une s\u00e9r\u00e9nit\u00e9 avec un qu<span class=\"glsr-hidden\">otidien rempli de joie et une harmonie familiale \u00e9panouie.<\/span><\/p>\n<p class=\"glsr-hidden\">Le changement a \u00e9t\u00e9 radical, nous sommes infiniment reconnaissants.<\/p><\/div><\/div>\n    \n    <div class=\"glsr-review-author\"><span class=\"glsr-tag-value\">Anonyme<\/span><\/div>  \n    \n<\/div>\n<div class=\"glsr-review\" data-id=\"1487\" data-type=\"local\" id=\"review-1487\" data-assigned='{\"assigned_posts\":[1054]}'>\n    <div class=\"glsr-review-title\"><h4 class=\"glsr-tag-value\">Aucun titre<\/h4><\/div>\n    <div class=\"glsr-review-rating\"><div class=\"glsr-star-rating glsr-stars\" role=\"img\" aria-label=\"Rated 0 out of 5 stars\" data-rating=\"0\" data-reviews=\"0\"><span class=\"glsr-star glsr-star-empty\" aria-hidden=\"true\"><\/span><span class=\"glsr-star glsr-star-empty\" aria-hidden=\"true\"><\/span><span class=\"glsr-star glsr-star-empty\" aria-hidden=\"true\"><\/span><span class=\"glsr-star glsr-star-empty\" aria-hidden=\"true\"><\/span><span class=\"glsr-star glsr-star-empty\" aria-hidden=\"true\"><\/span><\/div><\/div> <div class=\"glsr-review-date\"><span class=\"glsr-tag-value\">25 novembre 2025<\/span><\/div>\n    \n    <div class=\"glsr-review-content\"><div class=\"glsr-tag-value\" data-expanded=\"false\"><p class=\"glsr-hidden-text\" data-show-less=\"Afficher moins\" data-show-more=\"Afficher plus\" data-trigger=\"expand\">Ma fille, 7ans, a consult\u00e9e M\u00e9lanie dans un premier temps pour l aider \u00e0 une grosse gestion d \u00e9motions. Dans un 2nd temps elle a su entendre l urgence de refaire des s\u00e9ances. R\u00e9active, bienveillante, d une grande aide, \u00e9coute , professionnel.. Elle a su aider ma fille Je l a recommande \ud83d\ude4f et l a remercie<span class=\"glsr-hidden\"> du fond du coeur.<\/span><\/p><\/div><\/div>\n    \n    <div class=\"glsr-review-author\"><span class=\"glsr-tag-value\">Anonyme<\/span><\/div>  \n    \n<\/div>\n<div class=\"glsr-review\" data-id=\"1478\" data-type=\"local\" id=\"review-1478\" data-assigned='{\"assigned_posts\":[1054]}'>\n    <div class=\"glsr-review-title\"><h4 class=\"glsr-tag-value\">Aucun titre<\/h4><\/div>\n    <div class=\"glsr-review-rating\"><div class=\"glsr-star-rating glsr-stars\" role=\"img\" aria-label=\"Rated 0 out of 5 stars\" data-rating=\"0\" data-reviews=\"0\"><span class=\"glsr-star glsr-star-empty\" aria-hidden=\"true\"><\/span><span class=\"glsr-star glsr-star-empty\" aria-hidden=\"true\"><\/span><span class=\"glsr-star glsr-star-empty\" aria-hidden=\"true\"><\/span><span class=\"glsr-star glsr-star-empty\" aria-hidden=\"true\"><\/span><span class=\"glsr-star glsr-star-empty\" aria-hidden=\"true\"><\/span><\/div><\/div> <div class=\"glsr-review-date\"><span class=\"glsr-tag-value\">17 octobre 2025<\/span><\/div>\n    \n    <div class=\"glsr-review-content\"><div class=\"glsr-tag-value\" data-expanded=\"false\"><p class=\"glsr-hidden-text\" data-show-less=\"Afficher moins\" data-show-more=\"Afficher plus\" data-trigger=\"expand\">J&#8217;ai pu rencontrer une premi\u00e8re fois melanie pour moi en 2024, des probl\u00e8mes \u00e9motionnels d\u00e9clench\u00e9s par une d\u00e9pression post partum. Elle a su m&#8217;aider \u00e0 me sortir de ces \u00e9motions n\u00e9gatives gr\u00e2ce \u00e0 son professionnalisme et sa douceur. J&#8217;ai fais de nouveau appel \u00e0 elle pour ma fille de<span class=\"glsr-hidden\"> 2ans et demi qui avait beaucoup de difficult\u00e9s \u00e0 g\u00e9rer ses \u00e9motions. Elle a su s&#8217;adapter \u00e0 elle et gr\u00e2ce \u00e0 toute sa douceur et son professionnalisme ma fille est une nouvelle petite fille. Elle a fait \u00e9norm\u00e9ment de progr\u00e8s en tr\u00e8s peu de temps. M\u00e9lanie a des valeurs bien ancr\u00e9es et une empathie tr\u00e8s d\u00e9velopp\u00e9e. Elle est juste \u00ab\u00a0magique\u00a0\u00bb. Elle a r\u00e9ussi \u00e0 d\u00e9bloquer toutes les situations dans lesquelles j&#8217;\u00e9tais confront\u00e9es. Je la conseillerai mille fois et moi m\u00eame je n&#8217;h\u00e9siterais pas \u00e0 refaire une 3eme fois appel \u00e0 elle si la n\u00e9cessit\u00e9 se pr\u00e9sente.<\/span><\/p>\n<p class=\"glsr-hidden\">Elle a su me mettre en confiance et assure un suivi assidu en prenant des nouvelles. Encore un \u00e9norme merci pour tout ce que vous avez fait.<\/p><\/div><\/div>\n    \n    <div class=\"glsr-review-author\"><span class=\"glsr-tag-value\">Anonyme<\/span><\/div>  \n    \n<\/div>\n<div class=\"glsr-review\" data-id=\"1477\" data-type=\"local\" id=\"review-1477\" data-assigned='{\"assigned_posts\":[1054]}'>\n    <div class=\"glsr-review-title\"><h4 class=\"glsr-tag-value\">Aucun titre<\/h4><\/div>\n    <div class=\"glsr-review-rating\"><div class=\"glsr-star-rating glsr-stars\" role=\"img\" aria-label=\"Rated 0 out of 5 stars\" data-rating=\"0\" data-reviews=\"0\"><span class=\"glsr-star glsr-star-empty\" aria-hidden=\"true\"><\/span><span class=\"glsr-star glsr-star-empty\" aria-hidden=\"true\"><\/span><span class=\"glsr-star glsr-star-empty\" aria-hidden=\"true\"><\/span><span class=\"glsr-star glsr-star-empty\" aria-hidden=\"true\"><\/span><span class=\"glsr-star glsr-star-empty\" aria-hidden=\"true\"><\/span><\/div><\/div> <div class=\"glsr-review-date\"><span class=\"glsr-tag-value\">17 octobre 2025<\/span><\/div>\n    \n    <div class=\"glsr-review-content\"><div class=\"glsr-tag-value\" data-expanded=\"false\"><p>Nous avons contact\u00e9 M\u00e9lanie afin qu&#8217;elle puisse accompagner et aider notre fils dans la gestion de ses \u00e9motions notamment en rapport avec un changement de situation familiale et une difficult\u00e9 de s&#8217;affirmer dans la cours de l&#8217;\u00e9cole.<\/p>\n<p class=\"glsr-hidden-text\" data-show-less=\"Afficher moins\" data-show-more=\"Afficher plus\" data-trigger=\"expand\">D\u00e8s la premi\u00e8re s\u00e9ance, un apaisement c&#8217;est fait ressentir et M<span class=\"glsr-hidden\">\u00e9lanie \u00e0 su donner les cl\u00e9s \u00e0 notre fils qui s&#8217;en est saisi tr\u00e8s rapidement et \u00e0 su appliquer ses conseils.<\/span><\/p>\n<p class=\"glsr-hidden\">Seulement quelques s\u00e9ances on suffit.<\/p>\n<p class=\"glsr-hidden\">Merci \u00e0 M\u00e9lanie pour sa bienveillance et son professionnalisme, M\u00e9lanie est tr\u00e8s comp\u00e9tente et bienveillante, avec un suivi tr\u00e8s appr\u00e9ci\u00e9 entre les s\u00e9ances.<\/p>\n<p class=\"glsr-hidden\">Nous n&#8217;h\u00e9siterons \u00e0 pas \u00e0 la recommander.<\/p>\n<p class=\"glsr-hidden\">Merci \u00e0 vous M\u00e9lanie.<\/p><\/div><\/div>\n    \n    <div class=\"glsr-review-author\"><span class=\"glsr-tag-value\">Anonyme<\/span><\/div>  \n    \n<\/div>\n<div class=\"glsr-review\" data-id=\"1476\" data-type=\"local\" id=\"review-1476\" data-assigned='{\"assigned_posts\":[1054]}'>\n    <div class=\"glsr-review-title\"><h4 class=\"glsr-tag-value\">Aucun titre<\/h4><\/div>\n    <div class=\"glsr-review-rating\"><div class=\"glsr-star-rating glsr-stars\" role=\"img\" aria-label=\"Rated 0 out of 5 stars\" data-rating=\"0\" data-reviews=\"0\"><span class=\"glsr-star glsr-star-empty\" aria-hidden=\"true\"><\/span><span class=\"glsr-star glsr-star-empty\" aria-hidden=\"true\"><\/span><span class=\"glsr-star glsr-star-empty\" aria-hidden=\"true\"><\/span><span class=\"glsr-star glsr-star-empty\" aria-hidden=\"true\"><\/span><span class=\"glsr-star glsr-star-empty\" aria-hidden=\"true\"><\/span><\/div><\/div> <div class=\"glsr-review-date\"><span class=\"glsr-tag-value\">17 octobre 2025<\/span><\/div>\n    \n    <div class=\"glsr-review-content\"><div class=\"glsr-tag-value\" data-expanded=\"false\"><p class=\"glsr-hidden-text\" data-show-less=\"Afficher moins\" data-show-more=\"Afficher plus\" data-trigger=\"expand\">Nous avons rencontr\u00e9 M\u00e9lanie, ma fille et moi, suite \u00e0 l\u2019hospitalisation longue de son papa. Un moment qui a \u00e9t\u00e9 difficile tant pour l\u2019une que pour l\u2019autre. M\u00e9lanie a \u00e9t\u00e9 tr\u00e8s bienveillante et rassurante. Ma fille avait des exc\u00e8s de col\u00e8re du \u00e0 la mauvaise gestion de ses \u00e9motions li\u00e9es \u00e0 une \u00e9preuve dont il<span class=\"glsr-hidden\"> est difficile pour un enfant de poser des mots. Elle a su trouver les points sur lesquels travailler naturellement et j\u2019ai pu retrouver une petite fille apais\u00e9e, g\u00e9rant mieux ses \u00e9motions et n\u2019ayant plus d\u2019exc\u00e8s de col\u00e8re. Merci pour tout, le contact, la bienveillance et le professionnalisme<\/span><\/p><\/div><\/div>\n    \n    <div class=\"glsr-review-author\"><span class=\"glsr-tag-value\">Anonyme<\/span><\/div>  \n    \n<\/div>\n    <\/div>\n    <div class=\"glsr-pagination glsr-ajax-loadmore\" data-class=\"glsr glsr-default\" data-id=\"glsr_xiwlopbq\" data-pagination=\"loadmore\"><div class=\"wp-block-buttons is-layout-flex\">\n    <div class=\"wp-block-button\">\n        <button type=\"button\" class=\"glsr-button-loadmore glsr-button wp-block-button__link wp-element-button\" \n            aria-label=\"Load more reviews\"\n            aria-busy=\"false\" \n            data-loading=\"Chargement en cours\" \n            data-page=\"2\"\n        >Charger plus d'avis<\/button>\n    <\/div>\n<\/div><\/div>\n<\/div><\/div><\/div>\n\n\n\n<h2 class=\"wp-block-heading has-text-align-center\">Laisser un avis<\/h2>\n\n\n<div class=\"shortcode-site-reviews-form\"><div class=\"glsr glsr-default\" id=\"glsr_uiovizap\" data-from=\"shortcode\" data-shortcode=\"site_reviews_form\" data-assigned_posts=\"1054\"><div class=\"glsr-form-wrap\">\n    <form class=\"glsr-form glsr-review-form\" method=\"post\" enctype=\"multipart\/form-data\">\n        <input type=\"hidden\" name=\"site-reviews[_action]\" value=\"submit-review\" \/>\n<input type=\"hidden\" name=\"site-reviews[_nonce]\" value=\"72b5d74bba\" \/>\n<input type=\"hidden\" name=\"site-reviews[_post_id]\" value=\"1054\" \/>\n<input type=\"hidden\" name=\"site-reviews[_referer]\" value=\"\" \/>\n<input type=\"hidden\" name=\"site-reviews[assigned_posts]\" value=\"1054\" \/>\n<input type=\"hidden\" name=\"site-reviews[assigned_terms]\" value=\"\" \/>\n<input type=\"hidden\" name=\"site-reviews[assigned_users]\" value=\"\" \/>\n<input type=\"hidden\" name=\"site-reviews[excluded]\" value=\"\" \/>\n<input type=\"hidden\" name=\"site-reviews[form_id]\" value=\"glsr_uiovizap\" \/>\n<input type=\"hidden\" name=\"site-reviews[form_signature]\" value=\"nvlCI9Om0W6uHLiYowcUKivRHyDRnP-Jt31jm2tC-IlQoikLdJl5_-6bOao0tN6pAzqUnJ2d9_iyETJpdXfSiahQDMegb-VUUcJlB5KHdxjhhlcbR2-7_BlE5VdSkgTkOJ3OaFTSd36sewSn8u3yeaWU2LR9fNGTahZuF6mi1WxgC3MZjA03-PNMqX9A1TQlLo3nF44mqPewn-_91YF5crnS7UdFZ7z3ZJg9D2vlV7svbDjdEuEqI1I3pIQ9lE6HgpvoKSQY6aCdIe2248km0yaBtZ5tS4o-G_1q7VkHDgX4RpRQziIRVtPLpPBhTwktggarL560px87eqaQToqChtF4oq7ojPLkqCjuCeo9qBxmezjtIQI0Sndn4gLF4PM6cxgDgIHCekQmEibd1-XlIJRlQFPee-MkYd4GgrerYTnfYpAI8wgZZX6SEiSWQeZw\" \/>\n<input type=\"hidden\" name=\"site-reviews[terms_exist]\" value=\"1\" \/>\n<div class=\"glsr-field\" style=\"display:none;\"><label for=\"site-reviews-cdf00138-glsr_uiovizap\">Votre avis<\/label><input type=\"text\" class=\"glsr-input glsr-input-text\" id=\"site-reviews-cdf00138-glsr_uiovizap\" name=\"site-reviews[cdf00138]\" value=\"\" \/><\/div>\n<div class=\"glsr-field glsr-field-rating\" data-field=\"rating\" data-type=\"rating\">\n    <label class=\"glsr-label\" for=\"glsr_uiovizap-rating\">\n    <span>Votre note globale<\/span>\n<\/label>\n    <select class=\"browser-default disable-select glsr-select no-wrap no_wrap\" id=\"glsr_uiovizap-rating\" name=\"site-reviews[rating]\"><option value=\"\">S\u00e9lectionnez une note<\/option><option value=\"5\">5 \u00e9toiles<\/option><option value=\"4\">4 \u00e9toiles<\/option><option value=\"3\">3 \u00e9toiles<\/option><option value=\"2\">2 \u00e9toiles<\/option><option value=\"1\">1 \u00e9toile<\/option><\/select>\n    <div class=\"glsr-field-error\"><\/div>\n<\/div>\n<div class=\"glsr-field glsr-field-text\" data-field=\"title\" data-type=\"text\">\n    <label class=\"glsr-label\" for=\"glsr_uiovizap-title\">\n    <span>Titre de votre avis<\/span>\n<\/label>\n    <input type=\"text\" class=\"glsr-input glsr-input-text\" id=\"glsr_uiovizap-title\" name=\"site-reviews[title]\" placeholder=\"R\u00e9sumez votre avis ou mettez en \u00e9vidence un d\u00e9tail int\u00e9ressant\" value=\"\" \/>\n    <div class=\"glsr-field-error\"><\/div>\n<\/div>\n<div class=\"glsr-field glsr-field-textarea glsr-required\" data-field=\"content\" data-type=\"textarea\">\n    <label class=\"glsr-label\" for=\"glsr_uiovizap-content\">\n    <span>Votre avis<\/span>\n<\/label>\n    <textarea class=\"glsr-textarea\" id=\"glsr_uiovizap-content\" name=\"site-reviews[content]\" required placeholder=\"Donnez votre avis\" rows=\"5\"><\/textarea>\n    <div class=\"glsr-field-error\"><\/div>\n<\/div>\n<div class=\"glsr-field glsr-field-text\" data-field=\"name\" data-type=\"text\">\n    <label class=\"glsr-label\" for=\"glsr_uiovizap-name\">\n    <span>Votre nom<\/span>\n<\/label>\n    <input type=\"text\" class=\"glsr-input glsr-input-text\" id=\"glsr_uiovizap-name\" name=\"site-reviews[name]\" placeholder=\"Donnez votre nom\" value=\"\" \/>\n    <div class=\"glsr-field-error\"><\/div>\n<\/div>\n<div class=\"glsr-field glsr-field-email\" data-field=\"email\" data-type=\"email\">\n    <label class=\"glsr-label\" for=\"glsr_uiovizap-email\">\n    <span>Votre e-mail<\/span>\n<\/label>\n    <input type=\"email\" class=\"glsr-input glsr-input-email\" id=\"glsr_uiovizap-email\" name=\"site-reviews[email]\" placeholder=\"Donnez votre e-mail\" value=\"\" \/>\n    <div class=\"glsr-field-error\"><\/div>\n<\/div>\n<div class=\"glsr-field glsr-field-choice\" data-field=\"terms\" data-type=\"toggle\">\n    \n    <div class=\"glsr-field-subgroup\">\n        <span class=\"glsr-field-toggle\">\n    <span>\n        <span class=\"glsr-toggle\"><input type=\"checkbox\" class=\"glsr-input-toggle\" id=\"glsr_uiovizap-terms-1\" name=\"site-reviews[terms]\" value=\"1\" \/><span class=\"glsr-toggle-track\"><\/span><\/span>\n    <\/span>\n    <label for=\"glsr_uiovizap-terms-1\">Cette note est fond\u00e9e sur ma propre exp\u00e9rience et mon v\u00e9ritable avis.<\/label>\n<\/span>\n    <\/div>\n    <div class=\"glsr-field-error\"><\/div>\n<\/div>\n        <div class=\"glsr-form-message\">\n    \n<\/div>\n        <div data-field=\"submit-button\">\n    <div class=\"wp-block-buttons is-layout-flex\">\n        <div class=\"wp-block-button\">\n            <button type=\"submit\" class=\"glsr-button wp-block-button__link wp-element-button\" aria-busy=\"false\" data-loading=\"Submitting, please wait...\">Valider le commentaire<\/button>\n        <\/div>\n    <\/div>\n<\/div>\n    <\/form>\n<\/div><\/div><\/div>\n","protected":false},"excerpt":{"rendered":"<p>Vos avis Laisser un avis<\/p>\n","protected":false},"author":1,"featured_media":0,"parent":0,"menu_order":0,"comment_status":"closed","ping_status":"closed","template":"","meta":{"ocean_post_layout":"","ocean_both_sidebars_style":"","ocean_both_sidebars_content_width":0,"ocean_both_sidebars_sidebars_width":0,"ocean_sidebar":"","ocean_second_sidebar":"","ocean_disable_margins":"enable","ocean_add_body_class":"","ocean_shortcode_before_top_bar":"","ocean_shortcode_after_top_bar":"","ocean_shortcode_before_header":"","ocean_shortcode_after_header":"","ocean_has_shortcode":"","ocean_shortcode_after_title":"","ocean_shortcode_before_footer_widgets":"","ocean_shortcode_after_footer_widgets":"","ocean_shortcode_before_footer_bottom":"","ocean_shortcode_after_footer_bottom":"","ocean_display_top_bar":"default","ocean_display_header":"default","ocean_header_style":"","ocean_center_header_left_menu":"","ocean_custom_header_template":"","ocean_custom_logo":0,"ocean_custom_retina_logo":0,"ocean_custom_logo_max_width":0,"ocean_custom_logo_tablet_max_width":0,"ocean_custom_logo_mobile_max_width":0,"ocean_custom_logo_max_height":0,"ocean_custom_logo_tablet_max_height":0,"ocean_custom_logo_mobile_max_height":0,"ocean_header_custom_menu":"","ocean_menu_typo_font_family":"","ocean_menu_typo_font_subset":"","ocean_menu_typo_font_size":0,"ocean_menu_typo_font_size_tablet":0,"ocean_menu_typo_font_size_mobile":0,"ocean_menu_typo_font_size_unit":"px","ocean_menu_typo_font_weight":"","ocean_menu_typo_font_weight_tablet":"","ocean_menu_typo_font_weight_mobile":"","ocean_menu_typo_transform":"","ocean_menu_typo_transform_tablet":"","ocean_menu_typo_transform_mobile":"","ocean_menu_typo_line_height":0,"ocean_menu_typo_line_height_tablet":0,"ocean_menu_typo_line_height_mobile":0,"ocean_menu_typo_line_height_unit":"","ocean_menu_typo_spacing":0,"ocean_menu_typo_spacing_tablet":0,"ocean_menu_typo_spacing_mobile":0,"ocean_menu_typo_spacing_unit":"","ocean_menu_link_color":"","ocean_menu_link_color_hover":"","ocean_menu_link_color_active":"","ocean_menu_link_background":"","ocean_menu_link_hover_background":"","ocean_menu_link_active_background":"","ocean_menu_social_links_bg":"","ocean_menu_social_hover_links_bg":"","ocean_menu_social_links_color":"","ocean_menu_social_hover_links_color":"","ocean_disable_title":"default","ocean_disable_heading":"default","ocean_post_title":"","ocean_post_subheading":"","ocean_post_title_style":"","ocean_post_title_background_color":"","ocean_post_title_background":0,"ocean_post_title_bg_image_position":"","ocean_post_title_bg_image_attachment":"","ocean_post_title_bg_image_repeat":"","ocean_post_title_bg_image_size":"","ocean_post_title_height":0,"ocean_post_title_bg_overlay":0.5,"ocean_post_title_bg_overlay_color":"","ocean_disable_breadcrumbs":"default","ocean_breadcrumbs_color":"","ocean_breadcrumbs_separator_color":"","ocean_breadcrumbs_links_color":"","ocean_breadcrumbs_links_hover_color":"","ocean_display_footer_widgets":"default","ocean_display_footer_bottom":"default","ocean_custom_footer_template":"","_glsr_average":0,"_glsr_ranking":0,"_glsr_reviews":69,"footnotes":""},"class_list":["post-1054","page","type-page","status-publish","hentry","entry"],"yoast_head":"<!-- This site is optimized with the Yoast SEO plugin v27.6 - https:\/\/yoast.com\/product\/yoast-seo-wordpress\/ -->\n<title>Vos retours - Hypnose et Sophrologie<\/title>\n<meta name=\"robots\" content=\"index, follow, max-snippet:-1, max-image-preview:large, max-video-preview:-1\" \/>\n<link rel=\"canonical\" href=\"https:\/\/www.hypnosemelanie.fr\/index.php\/vos-retours\/\" \/>\n<meta property=\"og:locale\" content=\"fr_FR\" \/>\n<meta property=\"og:type\" content=\"article\" \/>\n<meta property=\"og:title\" content=\"Vos retours - Hypnose et Sophrologie\" \/>\n<meta property=\"og:description\" content=\"Vos avis Laisser un avis\" \/>\n<meta property=\"og:url\" content=\"https:\/\/www.hypnosemelanie.fr\/index.php\/vos-retours\/\" \/>\n<meta property=\"og:site_name\" content=\"Hypnose et Sophrologie\" \/>\n<meta property=\"article:modified_time\" content=\"2024-05-18T19:13:58+00:00\" \/>\n<meta name=\"twitter:card\" content=\"summary_large_image\" \/>\n<meta name=\"twitter:label1\" content=\"Dur\u00e9e de lecture estim\u00e9e\" \/>\n\t<meta name=\"twitter:data1\" content=\"1 minute\" \/>\n<script type=\"application\/ld+json\" class=\"yoast-schema-graph\">{\"@context\":\"https:\\\/\\\/schema.org\",\"@graph\":[{\"@type\":\"WebPage\",\"@id\":\"https:\\\/\\\/www.hypnosemelanie.fr\\\/index.php\\\/vos-retours\\\/\",\"url\":\"https:\\\/\\\/www.hypnosemelanie.fr\\\/index.php\\\/vos-retours\\\/\",\"name\":\"Vos retours - Hypnose et Sophrologie\",\"isPartOf\":{\"@id\":\"https:\\\/\\\/www.hypnosemelanie.fr\\\/#website\"},\"datePublished\":\"2024-01-06T12:49:52+00:00\",\"dateModified\":\"2024-05-18T19:13:58+00:00\",\"breadcrumb\":{\"@id\":\"https:\\\/\\\/www.hypnosemelanie.fr\\\/index.php\\\/vos-retours\\\/#breadcrumb\"},\"inLanguage\":\"fr-FR\",\"potentialAction\":[{\"@type\":\"ReadAction\",\"target\":[\"https:\\\/\\\/www.hypnosemelanie.fr\\\/index.php\\\/vos-retours\\\/\"]}]},{\"@type\":\"BreadcrumbList\",\"@id\":\"https:\\\/\\\/www.hypnosemelanie.fr\\\/index.php\\\/vos-retours\\\/#breadcrumb\",\"itemListElement\":[{\"@type\":\"ListItem\",\"position\":1,\"name\":\"Accueil\",\"item\":\"https:\\\/\\\/www.hypnosemelanie.fr\\\/\"},{\"@type\":\"ListItem\",\"position\":2,\"name\":\"Vos retours\"}]},{\"@type\":\"WebSite\",\"@id\":\"https:\\\/\\\/www.hypnosemelanie.fr\\\/#website\",\"url\":\"https:\\\/\\\/www.hypnosemelanie.fr\\\/\",\"name\":\"Hypnose et Sophrologie\",\"description\":\"\",\"potentialAction\":[{\"@type\":\"SearchAction\",\"target\":{\"@type\":\"EntryPoint\",\"urlTemplate\":\"https:\\\/\\\/www.hypnosemelanie.fr\\\/?s={search_term_string}\"},\"query-input\":{\"@type\":\"PropertyValueSpecification\",\"valueRequired\":true,\"valueName\":\"search_term_string\"}}],\"inLanguage\":\"fr-FR\"}]}<\/script>\n<!-- \/ Yoast SEO plugin. -->","yoast_head_json":{"title":"Vos retours - Hypnose et Sophrologie","robots":{"index":"index","follow":"follow","max-snippet":"max-snippet:-1","max-image-preview":"max-image-preview:large","max-video-preview":"max-video-preview:-1"},"canonical":"https:\/\/www.hypnosemelanie.fr\/index.php\/vos-retours\/","og_locale":"fr_FR","og_type":"article","og_title":"Vos retours - Hypnose et Sophrologie","og_description":"Vos avis Laisser un avis","og_url":"https:\/\/www.hypnosemelanie.fr\/index.php\/vos-retours\/","og_site_name":"Hypnose et Sophrologie","article_modified_time":"2024-05-18T19:13:58+00:00","twitter_card":"summary_large_image","twitter_misc":{"Dur\u00e9e de lecture estim\u00e9e":"1 minute"},"schema":{"@context":"https:\/\/schema.org","@graph":[{"@type":"WebPage","@id":"https:\/\/www.hypnosemelanie.fr\/index.php\/vos-retours\/","url":"https:\/\/www.hypnosemelanie.fr\/index.php\/vos-retours\/","name":"Vos retours - Hypnose et Sophrologie","isPartOf":{"@id":"https:\/\/www.hypnosemelanie.fr\/#website"},"datePublished":"2024-01-06T12:49:52+00:00","dateModified":"2024-05-18T19:13:58+00:00","breadcrumb":{"@id":"https:\/\/www.hypnosemelanie.fr\/index.php\/vos-retours\/#breadcrumb"},"inLanguage":"fr-FR","potentialAction":[{"@type":"ReadAction","target":["https:\/\/www.hypnosemelanie.fr\/index.php\/vos-retours\/"]}]},{"@type":"BreadcrumbList","@id":"https:\/\/www.hypnosemelanie.fr\/index.php\/vos-retours\/#breadcrumb","itemListElement":[{"@type":"ListItem","position":1,"name":"Accueil","item":"https:\/\/www.hypnosemelanie.fr\/"},{"@type":"ListItem","position":2,"name":"Vos retours"}]},{"@type":"WebSite","@id":"https:\/\/www.hypnosemelanie.fr\/#website","url":"https:\/\/www.hypnosemelanie.fr\/","name":"Hypnose et Sophrologie","description":"","potentialAction":[{"@type":"SearchAction","target":{"@type":"EntryPoint","urlTemplate":"https:\/\/www.hypnosemelanie.fr\/?s={search_term_string}"},"query-input":{"@type":"PropertyValueSpecification","valueRequired":true,"valueName":"search_term_string"}}],"inLanguage":"fr-FR"}]}},"_links":{"self":[{"href":"https:\/\/www.hypnosemelanie.fr\/index.php\/wp-json\/wp\/v2\/pages\/1054","targetHints":{"allow":["GET"]}}],"collection":[{"href":"https:\/\/www.hypnosemelanie.fr\/index.php\/wp-json\/wp\/v2\/pages"}],"about":[{"href":"https:\/\/www.hypnosemelanie.fr\/index.php\/wp-json\/wp\/v2\/types\/page"}],"author":[{"embeddable":true,"href":"https:\/\/www.hypnosemelanie.fr\/index.php\/wp-json\/wp\/v2\/users\/1"}],"replies":[{"embeddable":true,"href":"https:\/\/www.hypnosemelanie.fr\/index.php\/wp-json\/wp\/v2\/comments?post=1054"}],"version-history":[{"count":14,"href":"https:\/\/www.hypnosemelanie.fr\/index.php\/wp-json\/wp\/v2\/pages\/1054\/revisions"}],"predecessor-version":[{"id":1333,"href":"https:\/\/www.hypnosemelanie.fr\/index.php\/wp-json\/wp\/v2\/pages\/1054\/revisions\/1333"}],"wp:attachment":[{"href":"https:\/\/www.hypnosemelanie.fr\/index.php\/wp-json\/wp\/v2\/media?parent=1054"}],"curies":[{"name":"wp","href":"https:\/\/api.w.org\/{rel}","templated":true}]}}